 - 5*f, 2*f - 103 = -3*q. Is q a prime number?
False
Let w(b) = b**3 + b + 1. Let k(y) = 9*y**3 + y**2 + 5*y + 5. Let m(u) = k(u) - 3*w(u). Is m(3) prime?
True
Let c be (1 + -1)*(-3 + 4). Suppose c = -y + 5*u - 17, -2*u + 11 = -3*y + 3*u. Suppose y*m + k + 98 = 8*m, 2*m + 5*k - 23 = 0. Is m prime?
True
Suppose -2*c - 50 = 3*c - 4*l, 3*l = 5*c + 45. Let o be c/8 + (-195)/(-20). Let a(m) = 3*m**2 - 9*m + 1. Is a(o) prime?
True
Let z(s) = s**3 + 11*s**2 - 9*s - 13. Let o be (5/10)/(1/(-12)). Is z(o) composite?
True
Suppose -15 = -a - 5*q + 64, 0 = -4*a + 2*q + 404. Suppose -5*v - a = -24. Let z = v + 36. Is z a prime number?
False
Suppose 2*w - 3*w = 5*i - 2347, -5*i + 2339 = -3*w. Is i a prime number?
False
Suppose 7*n = 3*n + 2164. Is n a composite number?
False
Suppose 3657 - 463 = 2*f - 4*a, 0 = -5*a + 10. Is f composite?
False
Let o = 125 - 188. Let d = o - -94. Is d prime?
True
Suppose 0 = 3*o - 2*q - 361, 2*o + 0*o = 5*q + 248. Is o composite?
True
Suppose -a + 3 + 4 = 0. Let t = a + -4. Suppose 0 = -t*m + o + 236, -4*o + 288 = 4*m - 0*o. Is m a composite number?
True
Let q = 2771 + -1974. Is q composite?
False
Let n(h) = -4*h**3 + 3*h**2 - 4*h + 56. Let c(j) = j**3 - j**2 + j - 1. Let z(u) = 3*c(u) + n(u). Is z(0) prime?
True
Let m(o) = -4*o. Let u be ((-4)/(-6))/(4/18). Suppose 0 = 2*n + 5 - u. Is m(n) a prime number?
False
Let m = 227 - -60. Is m a composite number?
True
Let f(w) be the second derivative of w**4/3 - 4*w**3/3 - 9*w**2/2 + 3*w. Is f(7) prime?
True
Let p(l) = -5*l**3 - l - 1. Let a be p(-1). Let k = a - -2. Is k a composite number?
False
Let q be (3/(-3))/(-2)*0. Let a(i) = -i**3 + i + 79. Is a(q) a prime number?
True
Let d be (-1 + -65)/(6/(-4)). Suppose 4*o - 44 - d = 0. Is o a prime number?
False
Suppose 0 = 2*t + 3*y - 373, 0 = -5*t - 4*y + 549 + 394. Is t a composite number?
False
Let r(y) = -y - 2. Let i be r(-7). Suppose i*g + 2*m - 1024 = 0, 2*g + m - 410 = -0*g. Suppose c + g = 5*c. Is c a composite number?
True
Let v(z) = -z**2 + 6*z - 5. Is v(4) prime?
True
Is 20/(-30) - 1259/(-3) composite?
False
Suppose 4*t + x = -2, -3*t + 5*x - 12 = 1. Let p = t + 6. Suppose 2*f + 70 = 2*l + 3*f, -140 = -4*l + p*f. Is l prime?
False
Let i = -10 + 46. Let n = -1 + i. Is n a prime number?
False
Suppose -4*q = -k - 76 - 1094, 0 = 5*q - 5*k - 1455. Is q a prime number?
True
Let u = -2 + -2. Suppose -3*j + 0 = 3. Is (-357)/u - j/(-4) a composite number?
False
Suppose 0 = 3*w - 12, -3*h = 3*w - 0*w - 24. Is (46/h)/(2/20) a composite number?
True
Let k = 676 + 57. Is k a prime number?
True
Suppose 3*w - 63 = -0*w. Is w composite?
True
Suppose 21 - 89 = -z. Suppose -4*p + z = -168. Is p*(-1)/3*-3 composite?
False
Let f(z) = -z**2 - 4*z + 4. Let w be f(-5). Let c = w + 48. Suppose 4*k - 9 = c. Is k a composite number?
True
Let j(g) = -g**3 + g**2 + 6*g - 3. Let l be j(6). Is 1 + 2 + (5 - l) a prime number?
False
Let q be 2/((-3)/((-6)/4)). Suppose -2*t - 3 - q = 0. Is (-162)/t - (-4 - -6) composite?
False
Let t = -1683 - -2492. Suppose -4*j + 0*f = 5*f - t, 4*f = 2*j - 398. Is j composite?
True
Suppose 2*v = 3*v - 3. Suppose 4*c - 101 = 195. Suppose c = 5*q - v*q. Is q prime?
True
Let v be (-4)/10 + 224/10. Is 13886/v + 4/(-22) prime?
True
Let o = -7 + 19. Let h be (-15)/(-4) + 3/o. Suppose -h*q = 3*n - 221, -n - q + 5*q = -95. Is n a prime number?
True
Suppose -6 = 2*z - 0*z, 4*v = -2*z - 6. Suppose 5*m = -v*m + 250. Suppose 0*a + 5*a - m = 0. Is a prime?
False
Let s be 0 + 5 + 2/2. Suppose 0 = 2*f - 2, -5*v - 190 = -s*v - 5*f. Suppose -4*t - t = -v. Is t a composite number?
False
Let u(w) = w**2 + 340. Let j be u(0). Suppose -3*p = -j - 41. Is p composite?
False
Suppose 0 = 3*a + 3*k + 26 - 173, 3*a - 5*k - 131 = 0. Let v = 32 + a. Is v a prime number?
True
Suppose 0 = i - 4*j, -i = -0*i - j. Let f(c) = 7*c + 5. Let n be f(3). Suppose l = -i*l + n. Is l composite?
True
Let f(q) = q**3 - 5*q**2 + 4*q. Let j = 5 + -1. Let d be f(j). Suppose d = -v - 3, 0 = -2*y - 5*v + 2*v + 97. Is y composite?
False
Is (1/(-1))/(1/(-139)) composite?
False
Suppose 5 = 4*s - 11. Suppose s*p + 2*f = 10 + 130, 95 = 3*p + 4*f. Is p composite?
False
Suppose t - 2 - 2 = 0. Suppose 0 = l - 10 - t. Is (l/3)/((-4)/(-6)) a composite number?
False
Suppose 0 = 7*u - 0*u - 791. Is u a composite number?
False
Suppose -6 = q + 2*q, -5*c + 6 = -3*q. Suppose c*l - 5*l + 477 = -2*o, 4*l + 3*o - 400 = 0. Is l a prime number?
True
Suppose 0 = 4*d - r - 9, -4*d - r = 4*r - 27. Suppose -75 = -d*o + 99. Is o prime?
False
Suppose 2*w = -2*w + 768. Suppose w = a - 235. Is a composite?
True
Let t be -2 - 45*(1 + 1). Let v = 121 - t. Is -2*(v/(-2) + -2) a prime number?
False
Suppose 2*p = 4*j + 3*p - 5, -2*j - 5*p = -25. Let g be j - (1 + -4) - 188. Let q = 316 + g. Is q composite?
False
Suppose -o = 2, -1680 = 4*z - z + 3*o. Let b = z - -1031. Is b prime?
False
Suppose 1240 = 5*t - 5*l, 3*l = 4 + 11. Is t prime?
False
Let r = 8 - -2. Suppose h - f - 18 = r, -3*f = -9. Is h prime?
True
Let o(v) = 3*v**2 + 17*v + 55. Is o(-17) prime?
False
Let g(b) be the second derivative of 37*b**3/6 + b. Is g(1) a composite number?
False
Let q(w) = -4*w**2 + 7*w - 7. Let p(g) = -4*g**2 + 7*g - 8. Let r(t) = 6*p(t) - 7*q(t). Let b be r(5). Is 0 + b + 3 + -2 composite?
False
Is 4*1 + (7 - -42) a prime number?
True
Let i(u) = -26*u**3 + 9*u**2 + 15*u + 7. Is i(-5) prime?
True
Suppose 3*z - 1 = -2*y + 5, -2*y + z = 2. Suppose y = f - 2*f + 451. Is f composite?
True
Let f = 1 - 1. Let k(m) = m**3 + 9*m**2 - 10*m + 3. Let g be k(-10). Is 66 + (f - g/(-3)) prime?
True
Suppose -5*l = -0*l - 4845. Suppose -l = -2*i - i. Is i prime?
False
Suppose a - 8 + 31 = 5*i, 5*i - 3*a - 19 = 0. Suppose 2*v + 0*v + 4*t - 20 = 0, 5*v = i*t - 10. Let y(b) = 12*b**3 - 3*b**2 + 2*b - 3. Is y(v) a prime number?
False
Let h be -22*4*(3 - 4). Suppose 3*m = -5*w + 984, 420 = m + 3*w + h. Is m prime?
False
Let h = -233 + 427. Is h a composite number?
True
Suppose -3*k = -4*f + 539, 0 = 2*f + 5*k - 285 + 22. Is f a prime number?
False
Let o(i) = 7*i - 1. Let x be o(1). Let k = x + -3. Suppose -25 = -j - k*n + 84, 5*n = 5*j - 585. Is j a composite number?
True
Let o be (12/24)/(1/8). Suppose -5*q + 5*r + 1109 - 364 = 0, 4*r - 564 = -o*q. Is q a composite number?
True
Let k = 222 - 95. Is k composite?
False
Let x(r) = r + 15. Let j be x(-13). Suppose -h = -j, -3*o + 710 = o - h. Is o a composite number?
True
Suppose -3*k + a = 838, -2*k + a + 567 = -4*k. Let h = k + 592. Let u = -192 + h. Is u a prime number?
False
Let c(j) = j**3 - 3*j + 3. Let y be c(2). Suppose -y*i + 2804 = -i. Is i a composite number?
False
Suppose 4*h = -2*l + 26938, -l + 0*l - 20196 = -3*h. Is h a prime number?
True
Let u be 177*(-4)/(-18)*3. Suppose 0 = -2*m - 5*v - 5, -3*m - m - v - 1 = 0. Is (1 + m - 0)*u composite?
True
Let d be (-556)/(-6) + 4/(-6). Suppose 4*o - 4 = -k, o + 5*k - 4*k = 1. Is d/(-6)*(-3)/o a prime number?
False
Let x = 2 + -1. Let l be (x - 3) + 4/2. Let q(d) = -d**2 - d + 7. Is q(l) prime?
True
Let s be 7 - 3*(-4)/(-6). Let o = 4 - s. Is -1 + o + 2 - -13 a prime number?
True
Let b be (6 - 1)/((-3)/(-612)). Suppose 256 = -4*w + b. Is w composite?
False
Let k(v) = 54*v**2. Let l be (-6 - -8)*1/(-2). Let b be k(l). Is 1878/b - 2/(-9) prime?
False
Let v = -27 - -54. Let s = v + -14. Is s a composite number?
False
Let p = -4 - -12. Suppose -x - x + 32 = 0. Is 59/2*x/p a prime number?
True
Let h be -2*(30/(-4) + -2). Suppose -m + 0 = -h. Is m a composite number?
False
Suppose 0 = -0*l + 5*l - 45. Suppose -3*w = -3*r + 66 - l, 4*w = 5*r - 97. Suppose -10 = -u + r. Is u composite?
False
Let y = 7 + -4. Suppose y*s = -5*q + 1447, -2*q + 5*q - 485 = -s. Let k = -108 + s. Is k a composite number?
True
Let q(j) = 27*j - 1. Let a = 15 + -13. Is q(a) composite?
False
Is 4 - (-966 + (-5 - -2)) composite?
True
Suppose 1 = -2*u + 7. Suppose u*a = a - 186. Is 12/(-9)*a/2 a prime number?
False
Let y(l) = l**2 - 8*l - 6. Let r be y(7). Is (-2 + 5)/(-3)*r composite?
False
Let v be 0 + 0 + (-3 - -5). Suppose v*j = -j + 249. Is j a composite number?
False
Let c(i) = -403*i**2 - 6*i + 5. Let p(a) = 807*a**2 + 11*a - 9. Let v(o) = 5*c(o) + 3*p(o). Is v(1) prime?
False
Suppose 0 = 3*l - l. Suppose l = 2*i + i - 753. Is i prime?
True
Let y = -228 - -